3*w - 2*i. What is the remainder when w is divided by 12?
9
Suppose j + 4 = 0, 0*s - 2*j - 9 = -s. Suppose 3*i = i + 5*w - 23, -4*w + 22 = 2*i. What is the remainder when i is divided by -1*s*3/(-3)?
0
Suppose 11*r - 1729 = 9. Calculate the remainder when r is divided by 40.
38
Let d be (-1)/(-2)*(-2 + 6). Let h be ((-6)/9)/(2/(-9)). Suppose h*v - 70 = 4*b, -b - 65 - d = -3*v. What is the remainder when v is divided by 8?
6
Let q(m) = -14*m - 7. Calculate the remainder when q(-4) is divided by 10.
9
Let s be (2/(-3))/((-8)/(-36)). Let v(t) = t**2 - 4. Calculate the remainder when 12 is divided by v(s).
2
Let t(c) = c**2 + c - 3. Suppose 0 = -2*b + w + 12, -5*b - 1 + 33 = -3*w. What is the remainder when 49 is divided by t(b)?
15
Let o(n) = n - 6. Let g be o(6). Suppose g*b + 48 = 3*b. Calculate the remainder when (-314)/(-10) - (-2)/(-5) is divided by b.
15
Suppose 0 = -2*c + 5 + 5. What is the remainder when c is divided by 4?
1
Let x = 6 + 19. What is the remainder when x is divided by 10?
5
Let h(t) = t - 5. Let q be h(5). Let i be 0 - (0 - (1 + q)). Calculate the remainder when 35 is divided by 3/((-6)/(-34)) + i.
17
Suppose 4*z = 4*n + 28, 2*z + z - 5*n = 17. Calculate the remainder when 114 is divided by z.
6
Let p be (-6 - 2)*2 - 2. Let i = 47 + p. What is the remainder when i is divided by 8?
5
Suppose -p + 27 = 8. Let m(j) = -12*j - 1. What is the remainder when m(-3) is divided by p?
16
Suppose 4*l - 9*l = -205. Suppose 4*w = 20, -4*w - 50 = -8*a + 3*a. What is the remainder when l is divided by a?
13
What is the remainder when (1/2)/((-6)/(-240)) is divided by (14/(-2))/(1 + -2)?
6
Let r(j) = 2*j**2 - 22*j + 18. What is the remainder when r(14) is divided by 21?
18
Let b(s) = 4*s**2 + s + 1. Let j(x) = -1. Let u(m) = b(m) + 3*j(m). Calculate the remainder when 30 is divided by u(2).
14
Suppose 10*f - 5*f = 545. Let i = f - 64. Suppose 2*z + 3*z = 5*s - 70, -5*s = -3*z - 74. What is the remainder when i is divided by s?
13
Let j(o) = 86*o**2 + o - 2. What is the remainder when j(1) is divided by 22?
19
Let d(p) = -p**3 - 4*p**2 + p + 4. What is the remainder when d(-5) is divided by 5?
4
Suppose -5*p + 166 = -24. Let c = p - -6. What is the remainder when c is divided by 62/4 - (-2)/(-4)?
14
Let s(t) = t**3 - 5*t**2 - 4*t - 5. What is the remainder when s(6) is divided by 5?
2
Suppose 2*x = 3*y + 16, 32 = 4*x + y - 2*y. What is the remainder when 31 is divided by x?
7
Let d(j) = j**3 - j**2 - j + 3. Let c be d(3). Let w = -12 + c. Let i(x) = 12*x**3 - x**2 - x + 1. What is the remainder when i(1) is divided by w?
5
Let d(r) = -2*r**2 + 2*r - 15. Let p be d(11). Calculate the remainder when 28 is divided by 4/(-6) + p/(-15).
13
Suppose 7*t - 4*t - 336 = 0. Calculate the remainder when (3 - t/(-6))*3 is divided by 22.
21
Let h = 7 + 0. Let b(p) = 5*p**2 - 6*p + 1. Let x(n) = -4*n**2 + 5*n. Let q(a) = -3*b(a) - 4*x(a). Calculate the remainder when q(5) is divided by h.
5
Let o be (-3)/(3 - 0) + -13. Let p be (o/3)/((-9)/54). Suppose 2*i - p = -0. Calculate the remainder when i is divided by 5.
4
Let y = 16 + 75. What is the remainder when y is divided by -31*6/6*-1?
29
Let f(c) = -c + 11. Let l be f(10). Let z(i) = 18*i**2 + i. What is the remainder when 56 is divided by z(l)?
18
Let y = -29 + 56. Suppose w - y = -t, w + 3*t - 28 = -3. Suppose 0 = 2*d - w + 6. What is the remainder when d is divided by 6?
5
Let c = -20 + -2. Let o = c - -32. What is the remainder when 29 is divided by o?
9
Let g(a) = -a + 1 + 4 + 2*a**2 + 0*a - 4*a. Calculate the remainder when g(5) is divided by 8.
6
Let y = -23 - -19. Suppose 4*z = 7 + 41. Calculate the remainder when (1 - 93)*2/y is divided by z.
10
Let z(b) = -12*b**3 - b**2 - b. Suppose 6*a - 4*a = 0. Let q(o) = o**3 - o**2 - o - 1. Let i be q(a). What is the remainder when 35 is divided by z(i)?
11
Let x(f) = f**3 - 8*f**2 + f - 1. Let p(m) = -2*m - 7. Let d be p(-6). Let l = 17 - d. Calculate the remainder when l is divided by x(8).
5
Let m = -35 + 50. Calculate the remainder when m is divided by 4.
3
Let k(t) be the third derivative of -t**4/6 + 2*t**3/3 + 2*t**2. What is the remainder when 30 is divided by k(-3)?
14
Let j = -18 + 94. Calculate the remainder when j is divided by 16.
12
Suppose 4*j + z = -3*z - 4, -j + 3*z = 13. What is the remainder when 36 is divided by ((-2)/j)/((-1)/(-26))?
10
Let z = 3 + 0. Calculate the remainder when z is divided by 1.
0
Suppose -1 = -0*l - l. Suppose -l - 3 = -b. Suppose 5*f + 3*a = 4*a + 81, -b*f - 3*a = -80. Calculate the remainder when 49 is divided by f.
15
Let u(g) = 28*g - 1. What is the remainder when 80 is divided by u(1)?
26
Let p = 2 - -5. Suppose -3*q - 9 = 3*y, 0 = 3*q - 4*y + 3*y - 3. Suppose q = -5*i - 2*b + 71, i - 2 = 2*i - 5*b. Calculate the remainder when i is divided by p.
6
Let z(f) be the third derivative of 3*f**2 + 0*f - 11/6*f**3 - 13/24*f**4 - 1/5*f**5 - 1/120*f**6 + 0. What is the remainder when z(-11) is divided by 4?
3
Let q(d) = 3*d + 10. What is the remainder when q(5) is divided by 7?
4
Let n be 24/(-14)*(-126)/12. Suppose -a = -4 - n. What is the remainder when a is divided by 8?
6
Let n = -5 + 3. Let x(p) = 3*p**2 - 5. Let y(s) = 10*s**2 - 16. Let u(w) = n*y(w) + 7*x(w). What is the remainder when u(5) is divided by 12?
10
Let b(x) = 4*x - 2. Let o(n) = -9*n + 3. Let h(d) = 5*b(d) + 2*o(d). Let t(c) = 2*c**2 - 1. Calculate the remainder when t(3) is divided by h(7).
7
Suppose 5*a = 5*w, 0 = w - a - 2*a + 10. Suppose j - 13 + w = 0. What is the remainder when 15 is divided by j?
7
What is the remainder when (-123 - 2)*2/(-5) is divided by 9?
5
Suppose 5*i - 22 = 3*d, -3*i + 0*i + 14 = -2*d. Calculate the remainder when 46 is divided by (-166)/(-7) - i/(-7).
22
Let c = -10 + 27. Calculate the remainder when c is divided by 4.
1
Suppose 2*f - 2*r - 80 = -f, 3*r = 5*f - 134. Let p be 2/(-4) + (-28)/8. Let q = p + 14. What is the remainder when f is divided by q?
8
What is the remainder when 27 is divided by (10/4)/(3*6/108)?
12
Suppose 0 = -4*i - 3 + 39. Calculate the remainder when 17 is divided by i.
8
Let o be (3 - 2) + (-242 - -2). Let i = o - -363. Suppose 0 = -f - 3*f + i. What is the remainder when f is divided by 11?
9
Suppose -3*y = -133 + 10. Calculate the remainder when y is divided by 15.
11
Calculate the remainder when 35 is divided by 244/28 - (-2)/7.
8
Let l(j) = -2*j**2 - 2 + 0*j - 1 - 2*j. Let h be l(3). Let n = h + 40. Calculate the remainder when 25 is divided by n.
12
Suppose 4 = -u, l - 3*l = -3*u - 78. Calculate the remainder when 129 is divided by l.
30
Let j = 136 - 73. Suppose -10*z = -5*z + k - 106, 5*k = 5*z - 130. What is the remainder when j is divided by z?
19
Let r = 43 + -24. Suppose -4*p = -6 - 138. What is the remainder when p is divided by r?
17
Suppose -7*w = 4 - 179. What is the remainder when w is divided by 3?
1
Let x = -11 - -12. Let w = x + 5. What is the remainder when 11 is divided by w?
5
Let l(t) = -t**3 - 3*t**2 + 2*t - 24. What is the remainder when l(-6) is divided by 15?
12
Let p(y) = -y**3 + 5*y**2 + 7*y - 6. Let w be p(4). Suppose 41 = 3*a - h - w, -h = -5*a + 133. What is the remainder when a is divided by 14?
13
Let f = -20 - -30. Let m be (-2 + 3/2)*f. Let v(g) = g**2 + 4*g - 2. What is the remainder when 7 is divided by v(m)?
1
Let b be 2 - (-2 + 3) - 1. Suppose b = m + 19 + 2. Calculate the remainder when 40 is divided by m/(-2)*(-8)/(-6).
12
Let d be (3/2)/(3/4). Suppose -4*t + 38 = -3*m, -m - 4*t = -0*m + 34. What is the remainder when 16 is divided by (d/(-4))/1*m?
7
Suppose -4*f = -16, -3*z + 3*f = -0*z - 3. Suppose -z*h + 12 = -4*h. What is the remainder when 46 is divided by h?
10
Suppose l + 15 = 6*l. Suppose f + 10 = 21. Calculate the remainder when f is divided by l.
2
Suppose -4*n + 3 = -5. Suppose -2 + 4 = n*f. Calculate the remainder when (-52)/(f*(-1 - 1)) is divided by 7.
5
Let o = -2 - -4. Suppose 7*s + 12 = 9*s. Calculate the remainder when s is divided by o.
0
Suppose 2*j + 3*j - 129 = -3*p, -j - 5*p + 39 = 0. Suppose -8 = 5*t - 3. What is the remainder when j is divided by t + -3*28/(-6)?
11
Suppose -m - 43 = -2*m. Let a = 12 - -3. What is the remainder when m is divided by a?
13
Suppose 4*q + 3*z = 260, 0*q + 3*q - 196 = -2*z. What is the remainder